259442. Give i(-13).
-129
Let x(a) = 3*a**2 + 295*a + 1708. Determine x(-94).
486
Let x(a) = -499*a + 10285. What is x(21)?
-194
Let o(k) = -5*k**2 - 149*k - 697. Calculate o(-24).
-1
Let k(f) = 115*f**3 - 420*f**2 - 167*f + 26. Give k(4).
-2
Let g(u) = -2*u**2 - 406*u - 4262. What is g(-192)?
-38
Let s(t) = -3*t**3 + 59*t**2 + 180*t - 3124. Calculate s(7).
-2
Let q(j) = -242*j**2 - 89*j - 6. Calculate q(-1).
-159
Let p(g) = g**3 + 63*g**2 - 267*g - 267. Give p(-67).
-334
Let u(a) = 2*a**3 - 100*a**2 - 1308*a + 374. Determine u(-11).
0
Let f(t) = t**3 + 148*t**2 - 20765*t + 707. What is f(-236)?
-1
Let l(s) = s**2 + 77179*s + 2700047. What is l(-35)?
7
Let r(i) = -103*i + 8849. What is r(86)?
-9
Let j(y) = 6*y**3 + 10*y**2 - 227*y + 1089. Give j(5).
954
Let a(p) = -p**2 - 338*p - 9484. Give a(-30).
-244
Let b(h) = -h**2 - 233*h - 7786. Give b(-40).
-66
Let y(f) = -121432*f - 242804. Determine y(-2).
60
Let k(c) = -209188*c + 1882675. Give k(9).
-17
Let p(c) = 45*c**2 - 426*c - 2101. Give p(13).
-34
Let l(j) = 12*j**2 - 257*j + 4157. Determine l(19).
3606
Let g(p) = 857*p**2 + 6442*p - 6443. Give g(1).
856
Let i(b) = -20*b**2 + 101*b + 750. What is i(-4)?
26
Let q(x) = 130*x**2 - 13648*x - 166. Calculate q(105).
44
Let o(v) = 140*v - 14642. Determine o(107).
338
Let g(q) = -434*q - 2264. Determine g(-6).
340
Let v(o) = 751*o + 119664. Give v(-160).
-496
Let x(q) = -25*q**2 - 124*q - 228. Calculate x(-2).
-80
Let p(t) = 579*t - 27829. Determine p(48).
-37
Let f(d) = 5*d**3 + 38*d**2 - 4001*d + 31208. Determine f(10).
-2
Let p(d) = d**3 - 182*d**2 - 389*d + 4161. Give p(184).
297
Let u(d) = -13*d**2 + 268*d + 5837. Calculate u(-19).
-3948
Let g(c) = 11058*c + 630637. What is g(-57)?
331
Let z(q) = -13*q**3 + 27*q**2 - 79*q + 211. Calculate z(4).
-505
Let r(s) = 26395*s - 343151. What is r(13)?
-16
Let q(s) = 1521*s + 24140. What is q(-16)?
-196
Let x(z) = z**2 - 1942*z - 35356. Determine x(-18).
-76
Let y(d) = 6*d**3 - 156*d**2 + 3*d - 67. Give y(26).
11
Let z(u) = -107*u - 3498. What is z(-20)?
-1358
Let n(c) = 2*c**3 + 6*c**2 - 45*c + 2052. Calculate n(-12).
0
Let k(g) = g**3 - 76*g**2 + 415*g + 346. What is k(70)?
-4
Let x(o) = -128*o**2 - 277*o + 322. Determine x(-3).
1
Let q(w) = 14090*w - 9609377. What is q(682)?
3
Let w(u) = -13915*u + 835471. Determine w(60).
571
Let u(f) = 4*f**2 + 725*f + 5050. Give u(-174).
4
Let y(u) = 20*u**2 + 55588*u - 277928. What is y(5)?
512
Let i(o) = -371328*o + 1485239. What is i(4)?
-73
Let p(k) = 8*k - 717. Determine p(43).
-373
Let p(w) = 8800*w - 114377. What is p(13)?
23
Let i(b) = -114*b**3 + b**2 - 8*b + 21. Determine i(2).
-903
Let x(h) = h**3 - 77*h**2 - 148*h - 170. What is x(79)?
620
Let n(y) = 13359*y + 480907. Determine n(-36).
-17
Let j(a) = 48*a**2 + 1127*a + 14. Give j(-24).
614
Let l(x) = -3261*x + 22950. Give l(7).
123
Let c(i) = -184*i**2 - 1081*i - 432. Determine c(-6).
-570
Let l(g) = 12*g**2 + 1827*g - 1375. Calculate l(-153).
2
Let u(q) = -3220*q + 154489. Calculate u(48).
-71
Let t(p) = 12*p**2 - 62*p - 603. Give t(-5).
7
Let z(j) = 11548*j + 3730010. Give z(-323).
6
Let x(s) = -127*s - 52831. What is x(-416)?
1
Let y(d) = -110*d - 6221. Determine y(-61).
489
Let w(t) = 510*t - 30800. Calculate w(58).
-1220
Let m(j) = -172*j - 23180. What is m(-134)?
-132
Let b(t) = 1482*t + 835844. Determine b(-564).
-4
Let a(f) = 438*f - 96461. What is a(221)?
337
Let p(c) = -c**3 - 159*c**2 - 4858*c - 809. What is p(-41)?
11
Let g(n) = -3*n**3 - 8*n**2 - 1086*n + 3325. Determine g(3).
-86
Let h(f) = 3*f**3 + 55*f**2 - 142*f - 2898. Give h(-18).
-18
Let m(l) = -2*l**2 + 207*l - 267. Calculate m(102).
39
Let s(l) = -34*l**2 + 13734*l + 858. What is s(404)?
50
Let y(g) = 6331*g + 63463. Calculate y(-10).
153
Let q(t) = -2676*t + 50801. Give q(19).
-43
Let o(p) = -13*p - 1016. What is o(-125)?
609
Let w(k) = 3*k**3 + 98*k**2 + 589*k - 82. What is w(-25)?
-432
Let q(s) = s**2 - 5*s - 960. Determine q(-45).
1290
Let d(l) = 6*l**3 - 20*l**2 + 223*l - 319. What is d(4)?
637
Let v(b) = 4*b**3 + 58*b**2 + 28*b - 658. What is v(-13)?
-8
Let j(y) = -y**3 + 35*y**2 + 1178*y + 44. Determine j(-21).
2
Let j(b) = 694*b**2 - 4860*b - 40. Calculate j(7).
-54
Let h(r) = r**3 + 110*r**2 + 1405*r + 141260. Give h(-109).
-4
Let f(a) = 3*a + 31. Determine f(40).
151
Let l(y) = 13*y**3 - 112*y**2 + 2*y + 172. Determine l(9).
595
Let t(r) = 289*r**2 - 2580*r. Calculate t(9).
189
Let q(p) = p**2 + 23504*p + 258416. Give q(-11).
-7
Let d(f) = -2*f**3 - 447*f**2 + 1819*f - 10. Determine d(4).
-14
Let o(p) = 48108*p - 144308. Give o(3).
16
Let r(a) = -294*a + 7506. Give r(26).
-138
Let k(c) = -c**3 - 173*c**2 + 40*c + 36464. Give k(-172).
0
Let b(a) = -3*a**2 - 18783*a + 528367. Calculate b(28).
91
Let o(z) = -z**2 + 821*z - 4880. Give o(6).
10
Let x(c) = c**3 - 2*c**2 + 368*c + 2242. What is x(-6)?
-254
Let f(b) = -b**3 - 16*b**2 + 153*b - 13. Determine f(8).
-325
Let a(g) = -g**3 + 259*g**2 - 8959*g + 7961. Calculate a(40).
1
Let m(w) = -w**2 - 335776*w + 8730857. Determine m(26).
5
Let b(a) = -9359*a**2 - 46797*a - 6. Give b(-5).
4
Let d(x) = 5192*x + 264774. What is d(-51)?
-18
Let s(y) = -1356*y + 97. What is s(1)?
-1259
Let r(l) = -l**3 + 299*l**2 + 409*l - 32671. Determine r(300).
29
Let l(f) = -f**2 + 504*f - 19974. Determine l(43).
-151
Let d(i) = 2*i**2 + 67*i - 319. What is d(0)?
-319
Let b(x) = -x**2 + 65*x + 44. Give b(71).
-382
Let v(o) = 18*o**2 + 182688*o + 13. Give v(0).
13
Let z(u) = u**2 - 84795*u - 2799320. Calculate z(-33).
4
Let y(i) = i**3 + 54*i**2 + 266*i + 1059. Calculate y(-49).
30
Let p(i) = 1420*i - 6453. What is p(7)?
3487
Let j(i) = -3131*i - 12437. Calculate j(-4).
87
Let j(b) = b**3 - 13*b**2 - 18*b + 83. What is j(13)?
-151
Let n(f) = 1655*f**2 + 23125*f - 397. Calculate n(-14).
233
Let l(d) = -8*d**2 + 1430*d - 58340. Calculate l(63).
-2
Let l(r) = 5830*r + 1008584. Give l(-173).
-6
Let k(o) = -110338*o - 7392641. Determine k(-67).
5
Let s(r) = -9*r**3 - 649*r**2 - 71*r - 550. What is s(-72)?
-622
Let y(d) = 8*d**3 - 135*d**2 - 414*d + 12. Determine y(-3).
-177
Let t(u) = 2*u**2 + 48*u + 355. What is t(-36)?
1219
Let d(b) = 10750*b + 21519. Determine d(-2).
19
Let b(d) = -2*d**3 - 504*d**2 + 718*d - 75696. Determine b(-254).
-4
Let f(o) = -7*o**3 + 2*o**2 + 119*o - 442. Give f(4).
-382
Let i(y) = -359*y - 31992. Determine i(-89).
-41
Let l(k) = -5*k**2 + 2535*k - 141736. Calculate l(64).
24
Let k(n) = -2*n**2 - 1774*n + 16164. Determine k(9).
36
Let x(b) = 2*b**3 + 535*b**2 + 2927*b + 11793. What is x(-262)?
3
Let v(f) = 4*f**2 - 1389*f + 11121. Give v(8).
265
Let p(v) = -v**3 - 20*v**2 + 764*v + 15877. Calculate p(-22).
37
Let i(c) = -c**3 + 18*c**2 + 65*c - 1. Determine i(7).
993
Let h(r) = r**3 + 1017*r**2 - 31393*r - 507. What is h(30)?
3
Let k(o) = -o**2 + 25*o + 673. Give k(47).
-361
Let d(k) = -35*k**2 - 204*k - 1104. Determine d(-5).
-959
Let l(m) = -5*m**3 + m**2 + 83*m + 268. What is l(-3)?
163
Let l(p) = -104*p - 374. Calculate l(-6).
250
Let u(f) = -32*f + 2276. Calculate u(43).
900
Let a(i) = -i**2 + 23817*i + 71461. Give a(-3).
1
Let t(l) = 543885*l - 7070495. Calculate t(13).
10
Let f(r) = -163217*r + 1305697. Calculate f(8).
-39
Let r(t) = 4*t**2 + 2456*t - 203607. Calculate r(74).
41
Let q(c) = 2129*c - 25221. Determine q(12).
327
Let o(g) = 23*g**2 - 868*g + 676. Calculate o(37).
47
Let k(t) = 48*t**2 + 17319*t - 3251. Give k(-361).
-2
Let f(i) = -111*i**2 - 6105*i - 309. Calculate f(-55).
-309
Let y(r) = -219*r**3 + 16206*r**2 - r - 496. Determine y(74).
-570
Let m(w) = -33*w**2 + 5950*w - 1783. Calculate m(180).
17
Let c(u) = 16*u**3 - 368*u**2 - 22*u + 112. Give c(23).
-394
Let p(c) = -c**3 + 3*c**2 + 656*c - 176. Give p(27).
40
Let i(w) = -5*w**3 - 278*w**2 + 86*w - 1460. What is i(-56)?
-4
Let r(b) = 269*b - 537. Determine r(34).
8609
Let w(j) = -1943*j - 1939. Calculate w(-1).
4
Let m(q) = -23*q**2 - 5056*q - 14967. What is m(-3)?
-6
Let b(f) = 10830*f - 541496. Calculate b(50).
4
Let u(j) = -3*j**3 + 117*j**2 - 339*j + 401. Give u(36).
-139
Let t(f) = 10*f**2 - 45*f - 17. Determine t(10).
533
Let u(w) = -4270*w + 12712. Determine u(3).
-98
Let w(c) = -3*c**3 - 16*c**2 + 1972*c + 9878. What is w(-5)?
-7
Let m(s) = 1118*s - 598124. Give m(535).
6
Let j(o) = -o**3 - 